{"id":11940,"date":"2026-03-11T08:43:03","date_gmt":"2026-03-11T08:43:03","guid":{"rendered":"http:\/\/vctllpa.cluster121.hosting.ovh.net\/?page_id=11940"},"modified":"2026-04-27T13:30:01","modified_gmt":"2026-04-27T13:30:01","slug":"reeducation","status":"publish","type":"page","link":"https:\/\/drgazielly.com\/index.php\/reeducation\/","title":{"rendered":"R\u00e9\u00e9ducation"},"content":{"rendered":"<div class=\"wpb-content-wrapper\"><p>[vc_row][vc_column][vc_column_text css=&#8221;&#8221;]<\/p>\n<h1 id=\"34\" class=\"arttitle\"><a class=\"titleLink\" href=\"http:\/\/drgazielly.com\/reeducation-12-fr.html#34\">R\u00e9sultats fonctionnels<\/a><\/h1>\n<div class=\"artcontent\">\n<div class=\"rqcontent\">\n<p>Voici des exemples de patients r\u00e9\u00e9duqu\u00e9s selon les m\u00eames protocoles que nous utilisons depuis notre retour des \u00c9tats-Unis en 1986.<\/p>\n<p><strong>Mais attention\u00a0!<\/strong>\u00a0<span class=\"text-bleu\">Chaque patient est un cas particulier.<\/span><\/div>\n<\/div>\n<p>[\/vc_column_text][\/vc_column][\/vc_row][vc_row][vc_column][vc_column_text css=&#8221;&#8221;]Vid\u00e9o 1 : R\u00e9\u00e9ducation chez un patient pr\u00e9sentant une \u00e9paule douloureuse et ankylos\u00e9e, \u00e0 la suite d\u2019une hyper utilisation professionnelle. Aucune intervention chirurgicale n\u2019a \u00e9t\u00e9 n\u00e9cessaire chez ce patient tr\u00e8s motiv\u00e9.[\/vc_column_text][vc_video link=&#8221;https:\/\/vimeo.com\/1172452252?fl=ip&amp;fe=ec&#8221; css=&#8221;&#8221;][vc_column_text css=&#8221;&#8221;]R\u00e9f\u00e9rence bibliographique\u00a0:\u00a0<em>R\u00e9flexions sur une forme clinique particuli\u00e8re : l&#8217;\u00e9paule enraidie en flexion<\/em>, T. Thomas, D.F. Gazielly, G. Bruyere, C. Alexandre. Rev Rhum, (Eng. Edt), 64(4)\u00a0: pp. 249-254, 1995[\/vc_column_text][vc_separator css=&#8221;&#8221;][\/vc_column][\/vc_row][vc_row][vc_column][vc_column_text css=&#8221;&#8221;]Vid\u00e9o 2 : R\u00e9\u00e9ducation post-op\u00e9ratoire imm\u00e9diate chez un patient op\u00e9r\u00e9 par arthroscopie pour ex\u00e9r\u00e8se d\u2019une calcification d\u2019un tendon de la coiffe des rotateurs.[\/vc_column_text][vc_video link=&#8221;https:\/\/vimeo.com\/1172452252?fl=ip&amp;fe=ec&#8221; css=&#8221;&#8221;][vc_separator css=&#8221;&#8221;][vc_column_text css=&#8221;&#8221;]Vid\u00e9o 3 :R\u00e9\u00e9ducation apr\u00e8s la r\u00e9paration arthroscopique[\/vc_column_text][vc_video link=&#8221;https:\/\/vimeo.com\/1172452252?fl=ip&amp;fe=ec&#8221; css=&#8221;&#8221;][vc_separator css=&#8221;&#8221;][vc_column_text css=&#8221;&#8221;]Vid\u00e9o 4 : Reprise du sport apr\u00e8s la r\u00e9paration arthroscopique d\u2019une rupture de la coiffe des rotateurs associ\u00e9e \u00e0 une d\u00e9compression osseuse sous-acromiale.[\/vc_column_text][vc_video link=&#8221;https:\/\/vimeo.com\/1186912091?fl=tl&#038;fe=ec&#8221; css=&#8221;&#8221;][vc_separator css=&#8221;&#8221;][vc_column_text css=&#8221;&#8221;]Vid\u00e9o 5 : R\u00e9\u00e9ducation apr\u00e8s d\u00e9bridement arthroscopique pour une rupture non r\u00e9parable de la coiffe des rotateurs associ\u00e9e \u00e0 une t\u00e9notomie du long biceps[\/vc_column_text][vc_video link=&#8221;https:\/\/vimeo.com\/1186914133?fl=tl&#038;fe=ec&#8221; css=&#8221;&#8221;][vc_separator css=&#8221;&#8221;][vc_column_text css=&#8221;&#8221;]Video 6 : R\u00e9\u00e9ducation etreprise du sportl apr\u00e8s une op\u00e9ration de type \u00ab Bristow-Latarjet \u00bb, r\u00e9alis\u00e9e chez un athl\u00e8te pr\u00e9sentant des luxations ant\u00e9rieures r\u00e9cidivantes[\/vc_column_text][vc_video link=&#8221;https:\/\/vimeo.com\/1186940625&#8243; css=&#8221;&#8221;][vc_separator css=&#8221;&#8221;][vc_column_text css=&#8221;&#8221;]Vid\u00e9o 7 : R\u00e9\u00e9ducation et r\u00e9sultat fonctionnel apr\u00e8s la mise en place d\u2019une proth\u00e8se totale d\u2019\u00e9paule \u00ab anatomique \u00bb pour omarthrose centr\u00e9e primitive.[\/vc_column_text][vc_video link=&#8221;https:\/\/vimeo.com\/1186940882&#8243; css=&#8221;&#8221;][vc_separator css=&#8221;&#8221;][\/vc_column][\/vc_row][vc_row][vc_column][vc_column_text css=&#8221;&#8221;]Vid\u00e9o 8 : Reprise du sport apr\u00e8s la mise en place d\u2019une proth\u00e8se totale d\u2019\u00e9paule \u00ab anatomique \u00bb pour omarthrose centr\u00e9e primitive.[\/vc_column_text][vc_video link=&#8221;https:\/\/vimeo.com\/1186940936&#8243; css=&#8221;&#8221;][vc_separator css=&#8221;&#8221;][vc_column_text css=&#8221;&#8221;]Vid\u00e9o 8 : Reprise du sport apr\u00e8s la mise en place d\u2019une proth\u00e8se totale d\u2019\u00e9paule \u00ab anatomique \u00bb pour omarthrose centr\u00e9e primitive.[\/vc_column_text][vc_video link=&#8221;https:\/\/vimeo.com\/1186940992&#8243; css=&#8221;&#8221;][\/vc_column][\/vc_row]<\/p>\n<\/div>","protected":false},"excerpt":{"rendered":"<p>[vc_row][vc_column][vc_column_text css=&#8221;&#8221;] R\u00e9sultats fonctionnels Voici des exemples de patients r\u00e9\u00e9duqu\u00e9s selon les m\u00eames protocoles que nous utilisons depuis notre retour des \u00c9tats-Unis en 1986. Mais attention\u00a0!\u00a0Chaque patient est un cas particulier. [\/vc_column_text][\/vc_column][\/vc_row][vc_row][vc_column][vc_column_text css=&#8221;&#8221;]Vid\u00e9o 1 : R\u00e9\u00e9ducation chez un patient pr\u00e9sentant une \u00e9paule douloureuse et ankylos\u00e9e, \u00e0 la suite d\u2019une hyper utilisation professionnelle. Aucune intervention chirurgicale &hellip; <a href=\"https:\/\/drgazielly.com\/index.php\/reeducation\/\" class=\"more-link\">Continue reading <span class=\"screen-reader-text\">R\u00e9\u00e9ducation<\/span><\/a><\/p>\n","protected":false},"author":1,"featured_media":0,"parent":0,"menu_order":0,"comment_status":"closed","ping_status":"closed","template":"","meta":{"footnotes":""},"class_list":["post-11940","page","type-page","status-publish","hentry"],"_links":{"self":[{"href":"https:\/\/drgazielly.com\/index.php\/wp-json\/wp\/v2\/pages\/11940","targetHints":{"allow":["GET"]}}],"collection":[{"href":"https:\/\/drgazielly.com\/index.php\/wp-json\/wp\/v2\/pages"}],"about":[{"href":"https:\/\/drgazielly.com\/index.php\/wp-json\/wp\/v2\/types\/page"}],"author":[{"embeddable":true,"href":"https:\/\/drgazielly.com\/index.php\/wp-json\/wp\/v2\/users\/1"}],"replies":[{"embeddable":true,"href":"https:\/\/drgazielly.com\/index.php\/wp-json\/wp\/v2\/comments?post=11940"}],"version-history":[{"count":11,"href":"https:\/\/drgazielly.com\/index.php\/wp-json\/wp\/v2\/pages\/11940\/revisions"}],"predecessor-version":[{"id":12032,"href":"https:\/\/drgazielly.com\/index.php\/wp-json\/wp\/v2\/pages\/11940\/revisions\/12032"}],"wp:attachment":[{"href":"https:\/\/drgazielly.com\/index.php\/wp-json\/wp\/v2\/media?parent=11940"}],"curies":[{"name":"wp","href":"https:\/\/api.w.org\/{rel}","templated":true}]}}